{"id":864,"date":"2022-03-17T13:15:05","date_gmt":"2022-03-17T06:15:05","guid":{"rendered":"https:\/\/maygiatlacongnghiep.com\/san-pham\/may-say-cong-nghiep-speed-queen-st050erqm1g2w01-tbnk23\/"},"modified":"2022-07-24T23:58:04","modified_gmt":"2022-07-24T16:58:04","slug":"may-say-cong-nghiep-speed-queen-st050erqm1g2w01-tbnk23","status":"publish","type":"product","link":"https:\/\/maygiatlacongnghiep.com\/?product=may-say-cong-nghiep-speed-queen-st050erqm1g2w01-tbnk23","title":{"rendered":"M\u00e1y s\u1ea5y c\u00f4ng nghi\u1ec7p Speed Queen ST050ERQM1G2W01 TBNK23"},"content":{"rendered":"<p>Model: Speed Queen ST050ERQM1G2W01 TBNK23<br \/>\nC\u00f4ng su\u1ea5t: 25 (kg)<br \/>\nNh\u00e3n hi\u1ec7u: Speed Queen<br \/>\n\u0110\u01b0\u1eddng k\u00ednh l\u1ed3ng s\u1ea5y: 940 mm<br \/>\nB\u1ea3ng \u0111i\u1ec1u khi\u1ec3n d\u1ec5 v\u1eadn h\u00e0nh<br \/>\nDung t\u00edch l\u1ed3ng s\u1ea5y: 530 l\u00edt<br \/>\n\u0110\u01b0\u1eddng tho\u00e1t h\u01a1i:1x \u03d5200 mm<br \/>\nNgu\u1ed3n \u0111i\u1ec7n: 380V\/50Hz\/3Ph<br \/>\nKT :1960\u00d7980\u00d71190 H\u00d7W\u00d7D[mm]\nTr\u1ecdng l\u01b0\u1ee3ng NET: 310 kg<\/p>\n","protected":false},"excerpt":{"rendered":"<p>Model: Speed Queen ST050ERQM1G2W01 TBNK23 C\u00f4ng su\u1ea5t: 25 (kg) Nh\u00e3n hi\u1ec7u: Speed Queen \u0110\u01b0\u1eddng k\u00ednh l\u1ed3ng s\u1ea5y: 940 mm B\u1ea3ng \u0111i\u1ec1u khi\u1ec3n d\u1ec5 v\u1eadn h\u00e0nh Dung t\u00edch l\u1ed3ng s\u1ea5y: 530 l\u00edt \u0110\u01b0\u1eddng tho\u00e1t h\u01a1i:1x \u03d5200 mm Ngu\u1ed3n \u0111i\u1ec7n: 380V\/50Hz\/3Ph KT :1960\u00d7980\u00d71190 H\u00d7W\u00d7D[mm] Tr\u1ecdng l\u01b0\u1ee3ng NET: 310 kg<\/p>\n","protected":false},"featured_media":863,"template":"","meta":[],"_links":{"self":[{"href":"https:\/\/maygiatlacongnghiep.com\/index.php?rest_route=\/wp\/v2\/product\/864"}],"collection":[{"href":"https:\/\/maygiatlacongnghiep.com\/index.php?rest_route=\/wp\/v2\/product"}],"about":[{"href":"https:\/\/maygiatlacongnghiep.com\/index.php?rest_route=\/wp\/v2\/types\/product"}],"wp:featuredmedia":[{"embeddable":true,"href":"https:\/\/maygiatlacongnghiep.com\/index.php?rest_route=\/wp\/v2\/media\/863"}],"wp:attachment":[{"href":"https:\/\/maygiatlacongnghiep.com\/index.php?rest_route=%2Fwp%2Fv2%2Fmedia&parent=864"}],"curies":[{"name":"wp","href":"https:\/\/api.w.org\/{rel}","templated":true}]}}